.
254
Calculate the remainder when 16567 is divided by 583.
243
Calculate the remainder when 119291 is divided by 194.
175
Calculate the remainder when 5334 is divided by 721.
287
What is the remainder when 25738 is divided by 3?
1
What is the remainder when 108624 is divided by 275?
274
What is the remainder when 12416 is divided by 11356?
1060
What is the remainder when 29662 is divided by 345?
337
Calculate the remainder when 68489 is divided by 457.
396
What is the remainder when 131658 is divided by 62?
32
What is the remainder when 165414 is divided by 1047?
1035
What is the remainder when 58268 is divided by 3063?
71
What is the remainder when 347540 is divided by 9?
5
Calculate the remainder when 6963 is divided by 1738.
11
Calculate the remainder when 8052 is divided by 197.
172
What is the remainder when 2889 is divided by 59?
57
What is the remainder when 671132 is divided by 16?
12
Calculate the remainder when 80015 is divided by 17.
13
What is the remainder when 547 is divided by 481?
66
What is the remainder when 84458 is divided by 14074?
14
What is the remainder when 239617 is divided by 88?
81
Calculate the remainder when 2840 is divided by 243.
167
Calculate the remainder when 512855 is divided by 1257.
1256
What is the remainder when 218353 is divided by 72781?
10
What is the remainder when 886 is divided by 631?
255
Calculate the remainder when 8783 is divided by 526.
367
Calculate the remainder when 14691 is divided by 490.
481
Calculate the remainder when 75795 is divided by 337.
307
What is the remainder when 30219 is divided by 10064?
27
What is the remainder when 303 is divided by 177?
126
What is the remainder when 4939 is divided by 333?
277
Calculate the remainder when 16254 is divided by 141.
39
What is the remainder when 1812 is divided by 1693?
119
Calculate the remainder when 124885 is divided by 20796.
109
What is the remainder when 6107 is divided by 97?
93
Calculate the remainder when 2359 is divided by 1093.
173
What is the remainder when 13140 is divided by 107?
86
Calculate the remainder when 89850 is divided by 16.
10
What is the remainder when 119459 is divided by 15?
14
What is the remainder when 16217 is divided by 5339?
200
What is the remainder when 1119 is divided by 114?
93
Calculate the remainder when 24604 is divided by 3512.
20
Calculate the remainder when 11732 is divided by 3629.
845
Calculate the remainder when 29428 is divided by 5864.
108
What is the remainder when 106719 is divided by 229?
5
Calculate the remainder when 58339 is divided by 19344.
307
Calculate the remainder when 5677 is divided by 516.
1
Calculate the remainder when 1779 is divided by 731.
317
What is the remainder when 1831 is divided by 258?
25
Calculate the remainder when 160907 is divided by 16090.
7
Calculate the remainder when 185325 is divided by 213.
15
Calculate the remainder when 911 is divided by 56.
15
What is the remainder when 1735345 is divided by 60?
25
What is the remainder when 35894 is divided by 814?
78
Calculate the remainder when 1841 is divided by 1831.
10
Calculate the remainder when 6947 is divided by 124.
3
Calculate the remainder when 6536 is divided by 880.
376
What is the remainder when 8372 is divided by 154?
56
Calculate the remainder when 20907 is divided by 2985.
12
Calculate the remainder when 57311 is divided by 48.
47
Calculate the remainder when 2626 is divided by 582.
298
Calculate the remainder when 815 is divided by 639.
176
What is the remainder when 1113 is divided by 267?
45
What is the remainder when 198772 is divided by 18?
16
Calculate the remainder when 4659 is divided by 806.
629
What is the remainder when 3244 is divided by 648?
4
Calculate the remainder when 3209 is divided by 401.
1
What is the remainder when 1363 is divided by 84?
19
What is the remainder when 234841 is divided by 234819?
22
Calculate the remainder when 1106 is divided by 287.
245
What is the remainder when 4274 is divided by 77?
39
Calculate the remainder when 25634 is divided by 1068.
2
What is the remainder when 158359 is divided by 42?
19
What is the remainder when 452710 is divided by 42?
34
Calculate the remainder when 2457202 is divided by 2457196.
6
Calculate the remainder when 13376 is divided by 326.
10
Calculate the remainder when 533 is divided by 248.
37
Calculate the remainder when 53169 is divided by 42.
39
What is the remainder when 29408 is divided by 3?
2
Calculate the remainder when 7192 is divided by 420.
52
What is the remainder when 1329866 is divided by 707?
706
What is the remainder when 31163 is divided by 2833?
0
Calculate the remainder when 80635 is divided by 20145.
55
Calculate the remainder when 1731836 is divided by 15.
11
Calculate the remainder when 2554 is divided by 7.
6
Calculate the remainder when 75367 is divided by 603.
595
What is the remainder when 12102 is divided by 4004?
90
Calculate the remainder when 77786 is divided by 32.
26
Calculate the remainder when 535790 is divided by 1204.
10
Calculate the remainder when 245264 is divided by 4459.
19
Calculate the remainder when 82845 is divided by 6370.
35
What is the remainder when 1885 is divided by 69?
22
What is the remainder when 10140 is divided by 1126?
6
What is the remainder when 11414 is divided by 25?
14
What is the remainder when 23565 is divided by 7837?
54
What is the remainder when 3902 is divided by 97?
22
Calculate the remainder when 42204 is divided by 18.
12
What is the remainder when 38116 is divided by 55?
1
What is the remainder when 44943 is divided by 454?
451
What is the remainder when 76523 is divided by 83?
80
Calculate the remainder when 16027 is divided by 68.
47
Calculate the remainder when 5793 is divided by 559.
203
Calculate the remainder when 2242 is divided by 468.
370
Calculate the remainder when 2544213 is divided by 454.
451
What is the remainder when 4715447 is divided by 10?
7
What is the remainder when 315 is divided by 296?
19
Calculate the remainder when 5364 is divided by 407.
73
What is the remainder when 12093 is divided by 126?
123
What is the remainder when 94643 is divided by 293?
4
Calculate the remainder when 1300 is divided by 318.
28
What is the remainder when 14612 is divided by 1348?
1132
Calculate the remainder when 38215 is divided by 19102.
11
What is the remainder when 68009 is divided by 91?
32
What is the remainder when 12952 is divided by 1445?
1392
What is the remainder when 110824 is divided by 9?
7
Calculate the remainder when 1877 is divided by 2.
1
Calculate the remainder when 17424 is divided by 17416.
8
Calculate the remainder when 2795685 is divided by 7.
4
What is the remainder when 145870 is divided by 13260?
10
Calculate the remainder when 1297630 is divided by 16.
14
What is the remainder when 682263 is divided by 14?
1
What is the remainder when 26731 is divided by 4454?
7
Calculate the remainder when 56461 is divided by 374.
361
Calculate the remainder when 10604 is divided by 1512.
20
What is the remainder when 92557 is divided by 178?
175
What is the remainder when 130177 is divided by 5207?
2
What is the remainder when 43772 is divided by 796?
788
Calculate the remainder when 184158 is divided by 40.
38
Calculate the remainder when 1099 is divided by 83.
20
Calculate the remainder when 218330 is divided by 180.
170
What is the remainder when 17757 is divided by 12?
9
Calculate the remainder when 17632 is divided by 132.
76
What is the remainder when 189767 is divided by 51?
47
Calculate the remainder when 28292 is divided by 1968.
740
Calculate the remainder when 7692 is divided by 317.
84
Calculate the remainder when 71739 is divided by 472.
467
What is the remainder when 99482 is divided by 323?
321
What is the remainder when 1090233 is divided by 42?
39
Calculate the remainder when 922 is divided by 610.
312
What is the remainder when 45848 is divided by 5731?
0
What is the remainder when 5297 is divided by 61?
51
What is the remainder when 3600 is divided by 1739?
122
Calculate the remainder when 400066 is divided by 80010.
16
Calculate the remainder when 62327 is divided by 777.
167
What is the remainder when 10347 is divided by 5088?
171
What is the remainder when 8100000 is divided by 11?
7
Calculate the remainder when 177197 i